 what is 132023 - 220?
131303
In base 7, what is -152 - 113?
-265
In base 3, what is -21022012101 + 0?
-21022012101
In base 7, what is -2 + 53022?
53020
In base 6, what is -132411 - 1?
-132412
In base 10, what is 22 - 2238?
-2216
In base 8, what is 121346 + 4?
121352
In base 2, what is 1000101101100 + 10011?
1000101111111
In base 7, what is 135655 + 222?
136210
In base 5, what is -4411133 - -24?
-4411104
In base 9, what is 2 + 68501?
68503
In base 6, what is 42314 - 0?
42314
In base 4, what is -2112001213 - 11?
-2112001230
In base 3, what is 10 + -101210121100?
-101210121020
In base 14, what is 800 + 14?
814
In base 5, what is 144 - -10333411?
10334110
In base 15, what is -404329 - 1?
-40432a
In base 6, what is -12540 - 404?
-13344
In base 11, what is 300780 + 10?
300790
In base 5, what is -44321233 - -2?
-44321231
In base 6, what is -2 + 4354353?
4354351
In base 15, what is -cd38 - -c?
-cd2b
In base 11, what is 4 + 99a76?
99a7a
In base 9, what is 53 + -146246?
-146183
In base 12, what is 648a61 - -5?
648a66
In base 13, what is -c16 + -28a?
-11a3
In base 16, what is 27b3 - -2?
27b5
In base 9, what is 1262 - -678?
2051
In base 9, what is 3 - -67504?
67507
In base 4, what is -1 + -20332002?
-20332003
In base 3, what is 122012201 + 112?
122020020
In base 8, what is -3 + -356264?
-356267
In base 14, what is 32c - 217?
115
In base 3, what is 111010102 + -120101?
110120001
In base 2, what is -101 - -10111111110000?
10111111101011
In base 10, what is 942 + 31?
973
In base 2, what is -100011 - 1010100011100?
-1010100111111
In base 16, what is 3 + -8d4?
-8d1
In base 12, what is -82a - -160?
-68a
In base 5, what is -31400 + -10?
-31410
In base 9, what is -235585 - 24?
-235620
In base 4, what is -10 - -232330?
232320
In base 10, what is 386 - 188?
198
In base 14, what is -b7 + 1b3?
da
In base 12, what is 532 - -3b?
571
In base 14, what is 552 + 9?
55b
In base 3, what is -1101021 + 122120?
-201201
In base 14, what is 1 - -1939?
193a
In base 5, what is -4131 - 123040?
-132221
In base 12, what is 48143 + 0?
48143
In base 13, what is 7 + 11058?
11062
In base 6, what is 4030 - -4102?
12132
In base 16, what is 194 + 58?
1ec
In base 4, what is -1213312 - 210?
-1220122
In base 12, what is -b19 - 14?
-b31
In base 6, what is 0 + 2111045?
2111045
In base 6, what is -105510240 + 4?
-105510232
In base 12, what is -1a007 + -3?
-1a00a
In base 15, what is -2b + 2751?
2725
In base 11, what is -4 + 2171?
2168
In base 10, what is -30 - -6770?
6740
In base 16, what is 16dd + -c?
16d1
In base 8, what is 0 - -10067?
10067
In base 16, what is 20915 + -d?
20908
In base 9, what is -11 - 8482?
-8503
In base 15, what is -383dd + -5?
-383e3
In base 11, what is 16574 - -7?
16580
In base 15, what is -3 + -a53a?
-a53d
In base 2, what is 100011110111111 + -101?
100011110111010
In base 16, what is -d6 - 52b?
-601
In base 15, what is -255e4 - -2?
-255e2
In base 16, what is -1a4 - -1726?
1582
In base 16, what is -163 - 5c0?
-723
In base 6, what is 552152 + 0?
552152
In base 12, what is -120b57 - 3?
-120b5a
In base 9, what is -502 - -246?
-245
In base 12, what is 8 + 4954a?
49556
In base 11, what is 1 - 338234?
-338233
In base 15, what is -6 - 1351?
-1357
In base 12, what is 32 - -4742?
4774
In base 3, what is -10 - 20210021?
-20210101
In base 11, what is -3 + -8025?
-8028
In base 14, what is -5 + 3ad3?
3acc
In base 9, what is 2 + 132736?
132738
In base 15, what is -24e + -1?
-250
In base 14, what is 210c - 105?
2007
In base 13, what is -6 + 10c75?
10c6c
In base 10, what is 1181 - 3?
1178
In base 9, what is -2 - 2427?
-2430
In base 7, what is 225602 - 0?
225602
In base 11, what is -a5794 + 23?
-a5771
In base 14, what is -25768 + -9?
-25773
In base 9, what is -1 + 165305?
165304
In base 10, what is -1452212 + 1?
-1452211
In base 5, what is -4212 + -2040?
-11302
In base 6, what is -2 - 54401?
-54403
In base 6, what is 5354 - 4?
5350
In base 2, what is 11 - -1111001101111?
1111001110010
In base 7, what is -421 - -125402?
124651
In base 4, what is -10 + -11223301213?
-11223301223
In base 11, what is -76 - 362?
-428
In base 2, what is 1011011011 - 1010?
1011010001
In base 9, what is -41242 + -13?
-41255
In base 8, what is 1 + 57006?
57007
In base 2, what is -1011111111111101101010 + 101?
-1011111111111101100101
In base 4, what is -10 + -10233201111?
-10233201121
In base 16, what is 0 + -117d?
-117d
In base 12, what is -17 - -5549?
5532
In base 5, what is -1403 + 43?
-1310
In base 10, what is 16 + 1745?
1761
In base 13, what is 151b9 + 1?
151ba
In base 2, what is 10111110110 - 11100?
10111011010
In base 10, what is -26098 + 2?
-26096
In base 14, what is 21 + 33d3?
3414
In base 14, what is 1 + -c4390?
-c438d
In base 15, what is 5 + -127a?
-1275
In base 15, what is -9 - 6546?
-6550
In base 3, what is 2200122 + 1211?
2202110
In base 14, what is -217288 + -1?
-217289
In base 16, what is 1 - 84ac?
-84ab
In base 13, what is -29886 + -3?
-29889
In base 12, what is 29 - -13283?
132b0
In base 7, what is 105614 - 2?
105612
In base 9, what is -7636 + 13?
-7623
In base 2, what is 10010 - 1011000000101?
-1010111110011
In base 14, what is 306 + -5?
301
In base 7, what is 4 - -531535?
531542
In base 16, what is 16cac - 5?
16ca7
In base 16, what is -e - -114d6?
114c8
In base 15, what is -2913a + 2?
-29138
In base 7, what is 5 - -240600?
240605
In base 16, what is 1ac + -7?
1a5
In base 10, what is -76 + 431?
355
In base 10, what is -4 + 152922?
152918
In base 15, what is 2e + 32a?
359
In base 11, what is -7517 - -5?
-7512
In base 15, what is -11 - -6a6?
695
In base 6, what is -153 - -103005?
102412
In base 9, what is -255 + -32441?
-32706
In base 7, what is 606 - 601?
5
In base 13, what is -97531 - -2?
-9752c
In base 11, what is 1634 + 0?
1634
In base 15, what is 5d0 - -ac2?
11a2
In base 5, what is -2314 + -110000?
-112314
In base 4, what is 13 + 3113122131?
3113122210
In base 8, what is -173 - -6625?
6432
In base 5, what is 2 - -42441134?
42441141
In base 11, what is 20102 + -4?
200a9
In base 15, what is 29b43 - 1?
29b42
In base 7, what is 5 - -646630?
646635
In base 9, what is 3 - 301055?
-301052
In base 16, what is 0 - 2ea0?
-2ea0
In base 4, what is -1003332123 + 0?
-1003332123
In base 11, what is 110a467 - 5?
110a462
In base 4, what is -11202300 - 32?
-11202332
In base 12, what is 3ba - -40?
43a
In base 9, what is -135546 + 1?
-135545
In base 9, what is -11 + -7768?
-7780
In base 10, what is 1 - -566376?
566377
In base 5, what is -2 - 133111034?
-133111041
In base 2, what is 100 - -11111100100000?
11111100100100
In base 12, what is -1b84 + 114?
-1a70
In base 12, what is 55389 + 2?
5538b
In base 2, what is 101 + -1001100110101011110?
-1001100110101011001
In base 4, what is 311121 + -33?
311022
In base 8, what is -607 + 1603?
774
In base 6, what is 44 - -211450?
211534
In base 8, what is -1415 - -601?
-614
In base 7, what is -2165360 + -3?
-2165363
In base 15, what is 5 - -15dc?
15e2
In base 4, what is -10132 - -211?
-3321
In base 4, what is 221323121 - -12?
221323133
In base 12, what is -487 + 17?
-470
In base 9, what is 1732663 + 0?
1732663
In base 3, what is 201 + -112100?
-111122
In base 15, what is 3 - 40dd?
-40da
In base 11, what is -5 + -990?
-995
In base 13, what is -5ac70 - 2?
-5ac72
In base 5, what is -21322200 - 10?
-21322210
In base 12, what is -977 - 52?
-a09
In base 16, what is 1ae190 - 1?
1ae18f
In base 7, what is 1161466 - -3?
1161502
In base 7, what is -156 + 25504?
25315
In base 10, what is -1602 - -22?
-1580
In base 6, what is 4 + 2222?
2230
In base 15, what is -139 - -2332?
21e8
In base 8, what is -46576 - -74?
-46502
In base 7, what is 4263 - 2404?
1556
In base 12, what is -324b0 - 5?
-324b5
In base 6, what is -524 - 242?
-1210
In base 5, what is 14314 - 10?
14304
In base 11, what is -a7740 - 0?
-a7740
In base 6, what is 105233102 + 1?
105233103
In base 7, what is 13313 + 11?
13324
In base 6, what is 43300 + -145?
43111
In base 13, what is 88 + 97?
152
In base 8, what is 13307 - -72?
13401
In base 3, what is -220112221101 - 12?
-220112221120
In base 4, what is -3103322 + 3?
-3103313
In base 10, what is 4 - -1162962?
1162966
In base 5, what is 1243000 - 201?
1242244
In base 15, what is 6cb + -1?
6ca
In base 12, what is -3701a + -1?
-3701b
In base 7, what is -2 + 52553?
52551
In base 4,